 - l + 1. Let p be u(1). Let a = -24 + 36. What is the highest common factor of a and p?
12
Let v be 58/(-5) - (-2)/(-5). Let f be ((-8)/v)/((-1)/(-132)). Let q = f + -43. Calculate the highest common factor of 30 and q.
15
Suppose -a = -5*l + 318, 52 = 2*l + a - 71. Calculate the greatest common factor of l and 1239.
21
Suppose 0 = -n + 3 - 1. Let b be (-1)/n*2 + 1. Suppose 2*z - 3*z + 13 = b. What is the greatest common factor of 130 and z?
13
Let i = 9 + 86. Calculate the greatest common divisor of 10 and i.
5
Let l = -99 - -18. Let j = l - -85. Calculate the greatest common divisor of j and 16.
4
Let i be (0 - -1) + (-145 - 3). Let l = i + 161. What is the greatest common divisor of 238 and l?
14
Let f(n) = n**2 + 15*n + 13. Let l be f(-16). Let o = l + -25. Let q be -22*(-1)/2 + o. Calculate the highest common factor of q and 45.
15
Let v(u) = -21*u**3 - 3*u**2 - 2*u + 2. Let f be v(-2). Let l(r) = -r**2 + 2*r + 126. Let x be l(11). Calculate the greatest common divisor of f and x.
27
Suppose -3*x + 388 = -242. Suppose -6*h = -13*h + x. Let b = 100 - 40. Calculate the highest common divisor of b and h.
30
Suppose -22*f - f + 368 = 0. Let x = 101 - 21. Calculate the greatest common divisor of x and f.
16
Let t = -2235 - -2300. Calculate the highest common divisor of t and 3055.
65
Let c(s) = s**3 + 27*s**2 - 30*s - 36. Let a be c(-28). Calculate the greatest common divisor of a and 6.
2
Let q = 1582 + -1574. What is the greatest common factor of 712 and q?
8
Suppose -23*w = 286 - 539. Let i(l) = 12*l**3 - l**2. Let b be i(1). What is the highest common divisor of w and b?
11
Let j be (-4)/(-18) + 7055/45. Let z be j + (-1 - 0/4). Suppose -6*n = -24 - z. What is the greatest common factor of 6 and n?
6
Let n = -22 + 43. Let m(c) = 7*c**2. Let f be m(-1). Calculate the highest common factor of f and n.
7
Let d(b) = -21*b. Let r be d(-2). Suppose -21 = -4*u + c, 0 = -u + c + 5 + 4. Let g be 55/2 + u/8. What is the greatest common factor of g and r?
14
Suppose 101 - 5 = 4*q. Suppose 0 = -4*u + 5 - 5. Suppose m - 3 = u, -4*r = -2*m - 3*m - 81. What is the greatest common factor of r and q?
24
Let t be (-336)/(-36 + 8) - -1*13. Suppose -5*u = -3*z + 799, -z + 6*u + 268 = 4*u. Suppose -142 - z = -4*x. Calculate the greatest common factor of x and t.
25
Let g be (-6)/14 + 480/42. Let l = 11 - g. Suppose -8 = -3*b - 3*a - 2, l = 5*b + 3*a - 12. Calculate the highest common factor of 1 and b.
1
Suppose 0 = 3*n - 6, 0 = 3*w + 18*n - 16*n - 2404. What is the highest common factor of 16 and w?
16
Let o be 156/14 - (-60)/70. Suppose 35 = 5*s + 4*r, 0 = 5*r - 2*r - 15. What is the greatest common divisor of s and o?
3
Let p = -23 + 183. Suppose 5*v - 17 = 3*b, 2*v = -b + 6*v - 15. Let i be b*6/(-9)*-30. Calculate the greatest common divisor of p and i.
20
Let d = 5 - 5. Suppose d = 3*u - 4 - 11. Let q be 225/(-18)*(-3 - -1). What is the greatest common divisor of u and q?
5
Suppose 2*h + 276 = 5*c + 4*h, h - 166 = -3*c. Suppose -140 - 5 = -5*a. Suppose 0 = t - a + 21. What is the greatest common factor of t and c?
8
Let h be (-2*(-9)/(-24))/(2/(-8)). Let j be (86 - -2 - h) + 1/(-1). What is the highest common divisor of 12 and j?
12
Suppose -5*r + 4*j = -328, 2*r + 5*j - 118 = -0*r. Let p be (0 + 4)/((-2)/(-8)). What is the highest common factor of r and p?
16
Suppose 405 = -0*d - 15*d. Let l be ((-6)/4 - -1)*(d - 1). Let k be (1 - (-1 - -1)) + 1. What is the highest common factor of k and l?
2
Suppose -3*j - 3*t + 51 = 0, -4*t - t = j - 37. Calculate the highest common divisor of 108 and j.
12
Let p(a) = 9*a - 15*a + 9*a - 8. Let c be p(9). Let z = c - 17. Calculate the greatest common divisor of 2 and z.
2
Suppose -5*k + 0*q - 3*q = -85, 0 = 3*k + 2*q - 52. Suppose u - 10 - k = 0. Suppose 6 = 2*x - u. Calculate the greatest common divisor of 6 and x.
3
Let a(k) = -3*k**2 - 35*k - 12. Let d be a(-9). What is the highest common divisor of 160 and d?
20
Let d(g) = g + 14. Suppose 20 + 0 = -5*m. Let b be d(m). What is the highest common factor of 2 and b?
2
Let g = 142 - 26. What is the highest common divisor of g and 29?
29
Let s = 8 - 5. Suppose -3*t = 4*d + 9 - 1, s*d = 4*t - 6. Let c be -3*(d - (-6)/(-9)). Calculate the greatest common factor of 32 and c.
8
Let q be (3 + 2 + -4)*60. Let u = q + -44. What is the highest common divisor of u and 176?
16
Let y be 26/2 - (-352)/44. Calculate the greatest common divisor of y and 259.
7
Let l(h) = -35*h**2 + 5*h - 5. Let j be l(2). Let u = j - -148. What is the highest common divisor of u and 52?
13
Let v be (-10 - -11) + (5 - -1). Let l be v + 4/(-2) + 3. Calculate the greatest common divisor of l and 48.
8
Suppose -n - z + 132 = -5*n, 3*z - 132 = 4*n. Let v be ((-242)/n)/((-1)/(-9)). Calculate the greatest common factor of 44 and v.
22
Let k be 8/4 + 10*3. Let g = 71 + -23. Let z be g - (0 + 0)/2. What is the highest common factor of z and k?
16
Let t be ((-80)/(-28))/((-6)/(-126)). Calculate the highest common factor of 180 and t.
60
Suppose 570*b + 240 = 576*b. Calculate the greatest common divisor of 8 and b.
8
Let r be 286/182 + (-6)/(-14) - -684. What is the highest common factor of 70 and r?
14
Suppose 3*y = 5*r - r + 1015, 3*y - 1019 = 2*r. Calculate the highest common divisor of y and 62.
31
Let w(b) = -9. Let t(f) = f - 1. Let a(m) = -6*t(m) + w(m). Suppose -11*k - 4 = -9*k. Let j be a(k). Calculate the greatest common factor of 9 and j.
9
Let d(j) = 4*j**2 + 7*j - 8. Let r be d(3). What is the highest common divisor of 3 and r?
1
Let i be (0 + 492/(-8))*24/(-9). What is the greatest common divisor of i and 2050?
82
Suppose -30 = -2*d - a - a, -3*d - 2*a + 48 = 0. Let h be -1*(-1 - 4) + -3. What is the highest common divisor of h and d?
2
Let l = -1234 + 1277. Let u = 1230 - 843. Calculate the highest common factor of u and l.
43
Let o be (-423)/(-7) + (-3)/7. Let d = -48 + 60. What is the highest common factor of d and o?
12
Suppose -3*w + 41 = -3*b - 52, -w + 25 = b. Let l be 9/((-2)/8 - 114/(-168)). Calculate the highest common factor of w and l.
7
Suppose 4*w = v - 191, 3*v - 206 - 422 = w. Suppose -4*i - 19 = -v. Let p = -2 - -8. What is the greatest common divisor of i and p?
6
Let a = -217 - -255. Calculate the greatest common divisor of 38 and a.
38
Suppose 0*t + 10 = 2*k - 2*t, -41 = -5*k + t. Let h(j) = -8*j + 4*j**2 - 8*j**2 - k + 3*j**2. Let s be h(-6). What is the highest common factor of 24 and s?
3
Let a(k) = -15*k - 1. Let j(s) = 23*s + 1. Let v(t) = 8*a(t) + 5*j(t). Let f be v(-2). Let u = 1 - 0. Calculate the highest common divisor of u and f.
1
Let w = -849 + 2033. What is the greatest common divisor of 32 and w?
32
Suppose -3*a + 18*i + 107 = 23*i, 4*a = -4*i + 140. Calculate the greatest common divisor of a and 17.
17
Let t be 7 + (-4 - (-10)/5). Let h be 1/t + (-2786)/(-70). Calculate the greatest common divisor of h and 8.
8
Let c be ((-8)/5)/((-26)/260). What is the greatest common factor of c and 24?
8
Let y(i) = -i**2 - 9*i - 1. Let f be y(-8). What is the highest common factor of f and 623?
7
Let x(b) = -5*b**2 + 6*b. Let c(p) = p**2 - p + 1. Let i(s) = -3*c(s) - x(s). Let z be i(3). Let j = 12 - z. Calculate the highest common divisor of j and 6.
6
Let r be (11 - 11)/2 - -245. What is the greatest common factor of 70 and r?
35
Let q = 326 + -1. What is the highest common divisor of 13 and q?
13
Let t = 13 + -11. Let n(d) = 15*d**2 + 3*d - 2. Let o be n(t). Let q = 47 + -31. What is the highest common factor of o and q?
16
Let d(s) = s**3 - 4*s**2 - s + 5. Let t be d(4). Let v = -46335 + 46351. Calculate the highest common factor of v and t.
1
Suppose -5 = -m, 6 - 610 = -2*l - 2*m. Let p be (11/(-3))/(2/(-18)). What is the greatest common factor of p and l?
33
Let w = 32 - 64. Let y = -27 - w. What is the highest common factor of y and 5?
5
Suppose 5*p - 82 = -d - 7, -65 = -5*p - 3*d. Calculate the greatest common factor of p and 232.
8
Let i(o) = -o**3 + 4*o**2 + 7*o - 1. Suppose 3*b - 15 = -0. Let f be i(b). Let u be ((-8)/(-16))/(2/36). What is the highest common divisor of u and f?
9
Let x(q) = q**2 - 3*q + 3. Let v be x(2). Suppose c = v, c - 4 = -3*g - 0*c. Suppose 19 + 26 = 9*k. What is the greatest common divisor of g and k?
1
Suppose -m + 183 - 671 = 0. Let 